{"id":42,"date":"2025-10-11T22:37:52","date_gmt":"2025-10-11T20:37:52","guid":{"rendered":"https:\/\/mariage.lacombe.world\/?page_id=42"},"modified":"2025-10-24T17:52:58","modified_gmt":"2025-10-24T15:52:58","slug":"kdo-de-mariage","status":"publish","type":"page","link":"https:\/\/mariage.lacombe.world\/?page_id=42","title":{"rendered":"Liste de mariage"},"content":{"rendered":"<div class=\"wpb-content-wrapper\">[vc_row][vc_column]<div class=\"mkd-elements-holder mkd-responsive-mode-768\" ><div class=\"mkd-elements-holder-item mkd-horizontal-alignment-center\" data-item-class=\"mkd-elements-holder-custom-929103\" >\n\t<div class=\"mkd-elements-holder-item-inner\" style=\"mkd-elements-holder-item-inner\">\n\t\t<div class=\"mkd-elements-holder-item-content mkd-elements-holder-custom-929103\" >\n\t\t\t<div class=\"mkd-section-subtitle-holder mkd-section-subtitle-center\" >\n\t<p style=\"text-align: center\" class=\"mkd-section-subtitle\">Nous n'en avons pas ! Et puis, c'est la seconde fois que nous nous marions, nous avons d\u00e9j\u00e0 la m\u00e9nag\u00e8re et les casseroles. Votre pr\u00e9sence est le plus beau des cadeaux. <b>Venez les mains vides !!<\/b><\/p>\n<\/div><div class=\"mkd-separator-with-icon-holder clearfix mkd-default-icon\" style=\"margin-top: 10px;margin-bottom: 15px\">\n\n\t<span class=\"mkd-separator-left\" ><\/span>\n\t\t\t<div class=\"mkd-default-icon-holder\" ><\/div>\n\t\t<span class=\"mkd-separator-right\" ><\/span>\n<\/div><div class=\"mkd-section-subtitle-holder mkd-section-subtitle-center\" >\n\t<p style=\"text-align: center\" class=\"mkd-section-subtitle\">Mais si vous tenez absolument \u00e0 nous faire un cadeau, il y a ce petit projet, qui vient, qui part, d'un jacuzzi en plein air. Si vous souhaitiez que ce projet se r\u00e9alise (par pur \u00e9go\u00efsme, pour en profiter lorsque vous viendrez \u00e0 la maison), <b>nous mettrons une boite \u00e0 votre disposition \u00e0 l'entr\u00e9e de la salle du d\u00eener<\/b>. Nous aurons la joie de partager ces bulles de bonheur avec vous lors de vos prochaines visites. Et si le spa ne vous branche pas, libre \u00e0 vous d'\u00eatre cr\u00e9atif !<\/p>\n<\/div><div class=\"mkd-separator-with-icon-holder clearfix mkd-default-icon\" style=\"margin-top: 10px;margin-bottom: 15px\">\n\n\t<span class=\"mkd-separator-left\" ><\/span>\n\t\t\t<div class=\"mkd-default-icon-holder\" ><\/div>\n\t\t<span class=\"mkd-separator-right\" ><\/span>\n<\/div><div class=\"mkd-section-subtitle-holder mkd-section-subtitle-center\" >\n\t<p style=\"text-align: center\" class=\"mkd-section-subtitle\">Et si la boite de vous convient pas et que vous souhaitez absolument contribuer, vous pouvez participer \u00e0 la cagnotte en ligne ci-dessous :<\/p>\n<\/div><a href=\"https:\/\/www.papayoux.com\/fr\/cagnotte\/mariage-sandrine-et-julien\" target=\"_blank\" style=\"margin: 15px 0px 20px 0px\" class=\"mkd-btn mkd-btn-medium mkd-btn-solid mkd-btn-hover-outline\"  >\n\t<span class=\"mkd-btn-text\">Acc\u00e9der \u00e0 la cagnotte<\/span>\n\t\n\t<\/a>[vc_single_image image=\u00a0\u00bb12163&Prime; img_size=\u00a0\u00bbfull\u00a0\u00bb alignment=\u00a0\u00bbcenter\u00a0\u00bb style=\u00a0\u00bbvc_box_rounded\u00a0\u00bb css_animation=\u00a0\u00bbfadeIn\u00a0\u00bb css=\u00a0\u00bb.vc_custom_1761215442670{margin-top: 35px !important;}\u00a0\u00bb]\t\t<\/div>\n\t<\/div>\n<\/div><\/div>[\/vc_column][\/vc_row]\n<\/div>","protected":false},"excerpt":{"rendered":"<p>[vc_row][vc_column][\/vc_column][\/vc_row]<\/p>\n","protected":false},"author":1,"featured_media":0,"parent":0,"menu_order":0,"comment_status":"closed","ping_status":"closed","template":"","meta":{"footnotes":""},"class_list":["post-42","page","type-page","status-publish","hentry"],"_links":{"self":[{"href":"https:\/\/mariage.lacombe.world\/index.php?rest_route=\/wp\/v2\/pages\/42","targetHints":{"allow":["GET"]}}],"collection":[{"href":"https:\/\/mariage.lacombe.world\/index.php?rest_route=\/wp\/v2\/pages"}],"about":[{"href":"https:\/\/mariage.lacombe.world\/index.php?rest_route=\/wp\/v2\/types\/page"}],"author":[{"embeddable":true,"href":"https:\/\/mariage.lacombe.world\/index.php?rest_route=\/wp\/v2\/users\/1"}],"replies":[{"embeddable":true,"href":"https:\/\/mariage.lacombe.world\/index.php?rest_route=%2Fwp%2Fv2%2Fcomments&post=42"}],"version-history":[{"count":16,"href":"https:\/\/mariage.lacombe.world\/index.php?rest_route=\/wp\/v2\/pages\/42\/revisions"}],"predecessor-version":[{"id":12366,"href":"https:\/\/mariage.lacombe.world\/index.php?rest_route=\/wp\/v2\/pages\/42\/revisions\/12366"}],"wp:attachment":[{"href":"https:\/\/mariage.lacombe.world\/index.php?rest_route=%2Fwp%2Fv2%2Fmedia&parent=42"}],"curies":[{"name":"wp","href":"https:\/\/api.w.org\/{rel}","templated":true}]}}